prime factors of r?
5, 19
Suppose -14 = -5*y + 76. What are the prime factors of 30/(-4)*y/(-15)?
3
Let v(t) = 2*t**2 + 5*t + 13. List the prime factors of v(-6).
5, 11
Suppose 7*h + 1 = 8. Suppose z - 4*d + 0*d - 3 = 0, 4*d - 1 = 5*z. List the prime factors of 7 + z + (-1)/h.
5
Let d(a) = a**2 + 4*a - 2. Let v be -6 + (2 - (-1 + 1)). Let u be d(v). List the prime factors of u/(((-9)/(-12))/(-3)).
2
Let x(h) = h**2 - h + 2. Let i be x(2). Suppose 0*t - 112 = -4*t + 2*y, -i*y = -t + 21. List the prime factors of t.
29
Suppose -a = 5*w + 27, 2*a + 0*a - 3*w = 11. Let l = a + 5. Suppose 0 = -5*v + 5*u - l*u + 22, 2 = -2*u. List the prime factors of v.
2
Let v = -8 + 7. List the prime factors of 3 + -2 - 14/v.
3, 5
Let f be 3/2*(0 + 2). Suppose -3*m = 4*l - 43, f*m + l = 64 - 6. What are the prime factors of m?
3, 7
Let k = -5 + 3. Let r be (-1)/(4/(-3 + 7))*4. Let y = k - r. List the prime factors of y.
2
Let l(j) = -j**2 + 5*j + 9. Let d be l(6). Suppose 14 = d*t - 25. List the prime factors of t.
13
Let k(o) = 20*o**3 - 2*o**2 + 1. Let c be k(1). Suppose 0 = 3*n + 2*n - 3*q - 30, 0 = 2*n - q - 11. Let j = c + n. What are the prime factors of j?
2, 11
Suppose -64 - 61 = -5*w + 4*f, -3*f + 15 = 0. What are the prime factors of w?
29
Suppose 5*u = -3*f + f - 1, f = 4*u + 32. Suppose f = 2*a - 0*a. What are the prime factors of a?
2, 3
Suppose v + v = -86. List the prime factors of 2*(3 + -1) - v.
47
Let l = 114 - 66. List the prime factors of l/30*10/1.
2
Let t be 50/8 - 6/24. Suppose -t = n - 40. List the prime factors of n.
2, 17
Let p(w) = -12*w + 4. Let t be p(-3). Let b be ((-1)/2)/(2/(-28)). Suppose b*o = 3*o + t. What are the prime factors of o?
2, 5
Let s = 195 + -129. List the prime factors of s.
2, 3, 11
List the prime factors of 2*(-8)/(-4) - -50.
2, 3
Let b = 4 - -13. Let f = 50 - b. Suppose 4*i - 28 = 4*l, 4*l - 27 - f = -4*i. What are the prime factors of i?
11
Suppose 0*z + 60 = 5*z. Suppose 2*q + 2 - z = 0. List the prime factors of q.
5
Let j(n) = -n**2 - 13*n + 14. Let q be j(-13). Suppose q + 42 = 2*r. List the prime factors of r.
2, 7
Suppose x + x - 26 = 0. List the prime factors of x.
13
Let k = 32 + 15. List the prime factors of k.
47
Let i = 328 + -163. List the prime factors of i.
3, 5, 11
Suppose 7 + 11 = 3*h. Let r be 1/(1/h*2). What are the prime factors of ((-1)/r)/(3/(-81))?
3
Let h(r) = 6*r + 2. Suppose -7*i + 11*i = 12. What are the prime factors of h(i)?
2, 5
Let m(z) = z**3 - z**2. Let d be m(0). Suppose 4*f - s = 40, d*f - 2*s = 4*f - 28. List the prime factors of f.
3
Suppose 4*i = 3*j - 0*i - 46, i - 2 = 0. Let h be (-76)/j - (-4)/18. Let n = h - -6. List the prime factors of n.
2
Suppose 2*x = 4*h + 776, -h = 2*x - 433 - 323. What are the prime factors of x?
2, 5, 19
Suppose -2*g - 1288 = -4*t, t + 3*g = g + 317. List the prime factors of t.
3, 107
Let d(m) be the second derivative of -13*m**3/6 + m**2/2 - 5*m. What are the prime factors of d(-1)?
2, 7
Suppose 0 = 2*b - 0*b + 6. List the prime factors of -4*b/(-3) - -64.
2, 3, 5
Suppose -2*d = -5*d - 15, -5*d - 77 = -2*g. List the prime factors of g.
2, 13
Suppose -5*y - 323 = -3*k + 96, -2*k + 296 = 5*y. List the prime factors of k.
11, 13
Let i(s) = 4*s - 1. List the prime factors of i(10).
3, 13
Let k(z) = -6*z + 13. Let g be k(-9). Let q = g + -48. What are the prime factors of q?
19
Suppose 4*l = -n + 151, 3*l = -8*n + 4*n + 97. What are the prime factors of l?
3, 13
Let u be (-3 - 28/(-4)) + -1. Suppose 3*a + u = 0, -v + 0*v - a + 18 = 0. What are the prime factors of v?
19
Let m = -1 - -5. Suppose 0 = 2*a - 3*j - 14, -5*a + a + m*j + 28 = 0. What are the prime factors of a?
7
Suppose 2*o = o + 64. What are the prime factors of o?
2
Let z = 20 - 13. What are the prime factors of z?
7
Let f(l) = 5*l**3 - l**2. Let b(z) = -11*z**3 + 2*z**2. Let a(u) = -4*b(u) - 9*f(u). Let k be 2*3/(-6)*1. List the prime factors of a(k).
2
Suppose 5*w = 10, v - 2*w + 6*w = 14. Let h(n) = -n**2 - 3*n - 3. Let y be h(-3). What are the prime factors of y/v*-6 - -7?
2, 5
Let b be (-511)/21 - (-2)/6. What are the prime factors of 1200/26 - b/(-156)?
2, 23
Let h = 75 + -145. Let g be h/9 + (-4)/18. Let n = -6 - g. What are the prime factors of n?
2
Suppose 3*j = 4*n - 33, -3*n - 3*j + 21 = 2*n. List the prime factors of n.
2, 3
Suppose 0 = -3*p - 0*p. Let x = p + 0. Suppose 48 = 4*s - 2*o - 2*o, 2*s + o - 24 = x. What are the prime factors of s?
2, 3
Let y(j) = j**2 + 10*j + 7. Let i be y(-11). Let f be (i/(-21))/(1/(-14)). Suppose -f = t - 2*t. What are the prime factors of t?
2, 3
Let u(m) = -m**3 + 8*m**2 + 5*m + 4. Let a be u(8). Suppose 0 = -3*k + 55 + a. What are the prime factors of k?
3, 11
Let a(r) = -r**2 + 2. Let c be a(3). Let n = -2 - c. Suppose 4*g = n*g - 7. List the prime factors of g.
7
Let m be 6/((-8)/(1 - 5)). Suppose 0 = 5*h + m*a - 145, -3*h + 4*a - 7*a = -81. List the prime factors of h.
2
Suppose -4*y - 11 + 27 = 0. List the prime factors of (3/y)/(6/24).
3
Suppose 5*o + 359 = 1864. What are the prime factors of o?
7, 43
Suppose 3*m = 4*m. Suppose 0 = d + 2, m = 3*n - 4*d - 18 - 17. Suppose 5*h = -y - n, -y - 4*y - 3*h = -21. List the prime factors of y.
2, 3
Let m(w) = -w**2 - 9*w + 10. Let q be m(5). List the prime factors of (-1776)/q + 2/5.
2, 3, 5
Suppose -2*o + 55 = 3*o. Suppose 0 = 3*t + o - 41. What are the prime factors of t?
2, 5
Let p = -7 - 21. Let r = p - -39. What are the prime factors of r?
11
Suppose 0*j = j. Suppose -5*t = -2*b + 8, -b + 2*t = -j - 4. Suppose -5*z = -15, b*z - 6 - 13 = -k. What are the prime factors of k?
7
Suppose -103 = -4*h - 4*w - 7, -5*h + 3*w = -160. Suppose -2*k = -z + 15, 2*z - 12 = -2*k + 12. Let v = h - z. List the prime factors of v.
2
Let l(d) = -d**3 + d**2 + d + 95. List the prime factors of l(0).
5, 19
Let j be (-3 + -1)*6/(-4). Let o(l) = l**2 + 6*l. Let n(q) = 3*q**2 + 12*q + 1. Let a(f) = 2*n(f) - 5*o(f). What are the prime factors of a(j)?
2
Suppose 15 = 5*j + 5*g, -16 = 3*j - 6*j + 4*g. Suppose -4*l - 5*h = -41, l = -j*h + h + 5. What are the prime factors of l?
2, 7
Let g be (5 - -3)*(-3)/(-6). Suppose -x = 2*x - z - 84, -3*x - g*z + 99 = 0. What are the prime factors of x?
29
Suppose -5*t = -3*p - 11, -2*t + 14 = -2*p + 4*p. Let u be (22/4)/(2/4). Suppose 4*q = -n + 23, q - n + u = p*q. List the prime factors of q.
2, 3
Let d(z) = -z**3 + z**2. Let a be d(1). Let b = 11 + a. What are the prime factors of b?
11
Suppose d - 19 = -j, -4*d - 4*j + 78 = -2*j. List the prime factors of (-30)/5*d/(-3).
2, 5
Let d(p) = -2*p + 2. Let j be d(5). Let u = j - -10. What are the prime factors of u?
2
Suppose 151 = 4*m - 3*g, 4*g - 32 + 120 = 2*m. List the prime factors of m.
2, 17
Suppose -6 = -3*n + 3. Suppose 2*y - 14 = -f, 2*f - 5*y + 29 = n*f. List the prime factors of f.
2
What are the prime factors of -15*(-1 - (-10)/(-15))?
5
Let w(d) = d**3 + 7*d**2 - 7*d + 8. Let s be w(-8). Let x = 2 - s. Suppose 4*b + 5*h = 34, x*b - 24 = -b - 3*h. What are the prime factors of b?
2, 3
Suppose 0 = o - 5*o - 8. Let x be -52*(15/6 + o). Let f = x - -43. List the prime factors of f.
17
Let h be 2 + (-1 - 2 - -6). Suppose 4*w = -7*t + 4*t - 11, -h*t + 20 = -w. Let x(m) = -m**3 - 6*m**2 - 6*m + 1. List the prime factors of x(w).
2, 3
List the prime factors of (-8 + 50)*(-1)/(-2).
3, 7
Suppose -3*x + 24 = -2*v, 0 = 4*v - x + 17 + 31. Suppose -5*q + 105 = -0*q. Let w = v + q. List the prime factors of w.
3
Suppose 2*f - 8 = -0*b - b, -3*b + 5*f = 20. Let z(l) = -l + 19. List the prime factors of z(b).
19
Suppose -g = 3*x - 53, x - 3*g = 10 + 11. Let h be ((-4)/6)/((-4)/x). Suppose h*y + s - 48 = -s, -2*y + 31 = s. What are the prime factors of y?
2, 7
Let f(q) = 12*q**2 + q - 1. Let c be f(-2). Let k = 63 - c. Suppose 3*p - k = -3*v, 2*p - 5 = v + 7. What are the prime factors of p?
2, 3
Suppose 0*x - 5*x + 190 = 0. What are the prime factors of x?
2, 19
Let o(l) = l**3 - 2*l**2 - 7*l + 4. Suppose k + 21 = 4*a, 5*a - 3*k = 2*k + 30. What are the prime factors of o(a)?
2, 11
Let f(p) = -p**2 + 3*p. Let q be f(3). Let h = 2 + q. Suppose -5 = -h*r + 2*i + 7, -3*r + 5*i + 16 = 0. List the prime factors of r.
7
Let g be 2 - (1 - (3 - 1)). Suppose 2*v + 4*q = 62, 27 = v - g*q + q. List the prime factors of v.
29
Suppose 3*i + i